{"id":625,"date":"2026-03-03T12:37:41","date_gmt":"2026-03-03T12:37:41","guid":{"rendered":"https:\/\/rnd-con.adozet.com\/?page_id=625"},"modified":"2026-03-03T12:38:07","modified_gmt":"2026-03-03T12:38:07","slug":"certyfikacja","status":"publish","type":"page","link":"https:\/\/rnd-con.adozet.com\/index.php\/certyfikacja\/","title":{"rendered":"Certyfikacja"},"content":{"rendered":"\t\t<div data-elementor-type=\"wp-page\" data-elementor-id=\"625\" class=\"elementor elementor-625\">\n\t\t\t\t<div class=\"elementor-element elementor-element-c37a18e e-con-full e-flex e-con e-parent\" data-id=\"c37a18e\" data-element_type=\"container\" data-e-type=\"container\">\n\t\t\t\t<div class=\"elementor-element elementor-element-6c48e03 elementor-widget elementor-widget-spacer\" data-id=\"6c48e03\" data-element_type=\"widget\" data-e-type=\"widget\" data-widget_type=\"spacer.default\">\n\t\t\t\t\t\t\t<div class=\"elementor-spacer\">\n\t\t\t<div class=\"elementor-spacer-inner\"><\/div>\n\t\t<\/div>\n\t\t\t\t\t\t<\/div>\n\t\t\t\t<\/div>\n\t\t<div class=\"elementor-element elementor-element-2fd00aa e-con-full e-flex e-con e-parent\" data-id=\"2fd00aa\" data-element_type=\"container\" data-e-type=\"container\">\n\t\t<div class=\"elementor-element elementor-element-b9ee1ef e-flex e-con-boxed e-con e-child\" data-id=\"b9ee1ef\" data-element_type=\"container\" data-e-type=\"container\">\n\t\t\t\t\t<div class=\"e-con-inner\">\n\t\t\t\t<div class=\"elementor-element elementor-element-1f5bb0e elementor-widget elementor-widget-eael-breadcrumbs\" data-id=\"1f5bb0e\" data-element_type=\"widget\" data-e-type=\"widget\" data-widget_type=\"eael-breadcrumbs.default\">\n\t\t\t\t<div class=\"elementor-widget-container\">\n\t\t\t\t\t\t\t<div class=\"eael-breadcrumbs\">\n\t\t\t<div class=\"eael-breadcrumbs__content\"><a href=\"https:\/\/rnd-con.adozet.com\">Home<\/a> <span class=\"eael-breadcrumb-separator\">\/<\/span> <span class = \"eael-current\">Strona<\/span><\/div>\t\t<\/div>\n\t\t\t\t\t\t<\/div>\n\t\t\t\t<\/div>\n\t\t\t\t<div class=\"elementor-element elementor-element-4658c1b title elementor-widget elementor-widget-heading\" data-id=\"4658c1b\" data-element_type=\"widget\" data-e-type=\"widget\" data-widget_type=\"heading.default\">\n\t\t\t\t\t<h2 class=\"elementor-heading-title elementor-size-default\">Certyfikacja<\/h2>\t\t\t\t<\/div>\n\t\t\t\t<div class=\"elementor-element elementor-element-c7884cc elementor-widget elementor-widget-text-editor\" data-id=\"c7884cc\" data-element_type=\"widget\" data-e-type=\"widget\" data-widget_type=\"text-editor.default\">\n\t\t\t\t\t\t\t\t\t<p>\u00a0<\/p><p>Oferujemy Pa\u0144stwu kompleksowe wsparcie w trakcie certyfikacji Zatwierdzonych Organizacji Lotniczych:<\/p><p>\u2022 Tworzenie kompletnej dokumentacji dla Organ\u00f3w Nadzoru, w tym Podr\u0119cznik\u00f3w (DOH, POE) oraz zestaw\u00f3w procedur<br \/>\u2022 Szkolenia dla personelu i kadry kierowniczej<br \/>\u2022 Integracj\u0119 Organizacji Lotniczych z funkcjonuj\u0105cymi w Organizacji Systemami Jako\u015bci<\/p><p>Certyfikacja Zatwierdzonych Organizacji Lotniczych w EASA (DOA) lub ULC (POA, MRO)wi\u0105\u017ce si\u0119 z konieczno\u015bci\u0105 opracowania, a p\u00f3\u017aniej wdro\u017cenia szeregu procedur. Dopiero po wdro\u017ceniu procedur i wprowadzeniu niezb\u0119dnych zmian, firma jest gotowa na audyt nadzoru.<br \/>Dobre zaplanowanie procesu przygotowania do certyfikacji jest kluczowym czynnikiem sukcesu. Drugim kluczowym czynnikiem jest personel, a w szczeg\u00f3lno\u015bci kadra zarz\u0105dzaj\u0105ca. Osoba odpowiedzialna za certyfikacje musi posiada\u0107 nie tylko wiedz\u0119 z zakresu przepis\u00f3w lotniczych ale i do\u015bwiadczenie w zarz\u0105dzaniu.<br \/>Dlatego te\u017c wiele firm decyduje si\u0119 na skorzystanie z wiedzy ekspert\u00f3w czy nawet zlecenie organizacji procesu certyfikacji na zewn\u0105trz. Zaletami tego rozwi\u0105zania jest sprawne przeprowadzenie procesu certyfikacji oraz mo\u017cliwo\u015b\u0107 integracji przez profesjonalist\u0119 z procesami zachodz\u0105cymi w firmie. Korzy\u015bci\u0105 dla firmy jest nie tylko przy\u015bpieszenie procesu certyfikacji i oszcz\u0119dno\u015b\u0107 czasu ale przede wszystkim mo\u017cliwo\u015b\u0107 precyzyjnego zaplanowania terminu wdro\u017cenia i uruchomienia produkcji czy projektowania. Pozwala to na lepsze wykorzystanie zasob\u00f3w firmy.<\/p><p>Dodatkowo nie ponosz\u0105 Pa\u0144stwo koszt\u00f3w rekrutacji os\u00f3b o unikalnych na rynku kompetencjach i ich p\u00f3\u017aniejszego utrzymywania w Pa\u0144stwa Organizacji. Personel Kierowniczy jest akceptowany przez Organy Nadzoru i musi spe\u0142nia\u0107 odpowiednie kryteria co do wiedzy, do\u015bwiadczenia i umiej\u0119tno\u015bci. Nasi eksperci byli ju\u017c wielokrotnie akceptowani do pe\u0142nienia funkcji kierowniczych przez Organy Nadzoru, wi\u0119c nie ryzykuj\u0105 Pa\u0144stwo ich odrzucenia w procesie certyfikacji przez Organ Nadzoru co mo\u017ce znacz\u0105co wyd\u0142u\u017cy\u0107 proces certyfikacji.<\/p><p>Nasi eksperci maj\u0105 wieloletnie do\u015bwiadczenie w procesach certyfikacji zar\u00f3wno Organizacji Projektuj\u0105cych i Produkuj\u0105cych wed\u0142ug EASA Part 21 jak i Organizacji Obs\u0142uguj\u0105cych wed\u0142ug przepis\u00f3w Part M. Je\u015bli zainteresowa\u0142a Pa\u0144stwa nasza oferta wsparcia certyfikacji prosimy o kontakt.<\/p><p>Ponadto poza certyfikacj\u0105 zatwierdzonych organizacji w nadzorach lotniczych, prowadzimy kompleksow\u0105 certyfikacj\u0119, pocz\u0105wszy od zaplanowania wdro\u017cenia przez proces wdra\u017cania, a\u017c do uzyskania certyfikatu. Wspierane przez nas normy to ISO 9001:2015, EN9100:2016, ISO 14001:2015, OHSAS 18001\/ISO 45001:2018 jak r\u00f3wnie\u017c AQAP 2110.\u00a0<\/p><p>\u00a0<\/p>\t\t\t\t\t\t\t\t<\/div>\n\t\t\t\t\t<\/div>\n\t\t\t\t<\/div>\n\t\t\t\t<\/div>\n\t\t<div class=\"elementor-element elementor-element-e910413 e-flex e-con-boxed e-con e-parent\" data-id=\"e910413\" data-element_type=\"container\" data-e-type=\"container\">\n\t\t\t\t\t<div class=\"e-con-inner\">\n\t\t\t\t<div class=\"elementor-element elementor-element-c95c48d elementor-widget elementor-widget-spacer\" data-id=\"c95c48d\" data-element_type=\"widget\" data-e-type=\"widget\" data-widget_type=\"spacer.default\">\n\t\t\t\t\t\t\t<div class=\"elementor-spacer\">\n\t\t\t<div class=\"elementor-spacer-inner\"><\/div>\n\t\t<\/div>\n\t\t\t\t\t\t<\/div>\n\t\t\t\t\t<\/div>\n\t\t\t\t<\/div>\n\t\t<div class=\"elementor-element elementor-element-a6658db e-flex e-con-boxed e-con e-parent\" data-id=\"a6658db\" data-element_type=\"container\" data-e-type=\"container\">\n\t\t\t\t\t<div class=\"e-con-inner\">\n\t\t\t\t<div class=\"elementor-element elementor-element-584dcdd elementor-widget elementor-widget-spacer\" data-id=\"584dcdd\" data-element_type=\"widget\" data-e-type=\"widget\" data-widget_type=\"spacer.default\">\n\t\t\t\t\t\t\t<div class=\"elementor-spacer\">\n\t\t\t<div class=\"elementor-spacer-inner\"><\/div>\n\t\t<\/div>\n\t\t\t\t\t\t<\/div>\n\t\t\t\t\t<\/div>\n\t\t\t\t<\/div>\n\t\t\t\t<\/div>\n\t\t","protected":false},"excerpt":{"rendered":"<p>Home \/ Strona Certyfikacja \u00a0 Oferujemy Pa\u0144stwu kompleksowe wsparcie w trakcie certyfikacji Zatwierdzonych Organizacji Lotniczych: \u2022 Tworzenie kompletnej dokumentacji dla Organ\u00f3w Nadzoru, w tym Podr\u0119cznik\u00f3w (DOH, POE) oraz zestaw\u00f3w procedur\u2022 Szkolenia dla personelu i kadry kierowniczej\u2022 Integracj\u0119 Organizacji Lotniczych z funkcjonuj\u0105cymi w Organizacji Systemami Jako\u015bci Certyfikacja Zatwierdzonych Organizacji Lotniczych w EASA (DOA) lub ULC (POA, [&hellip;]<\/p>\n","protected":false},"author":1,"featured_media":0,"parent":0,"menu_order":0,"comment_status":"closed","ping_status":"closed","template":"elementor_header_footer","meta":{"footnotes":""},"class_list":["post-625","page","type-page","status-publish","hentry"],"_links":{"self":[{"href":"https:\/\/rnd-con.adozet.com\/index.php\/wp-json\/wp\/v2\/pages\/625","targetHints":{"allow":["GET"]}}],"collection":[{"href":"https:\/\/rnd-con.adozet.com\/index.php\/wp-json\/wp\/v2\/pages"}],"about":[{"href":"https:\/\/rnd-con.adozet.com\/index.php\/wp-json\/wp\/v2\/types\/page"}],"author":[{"embeddable":true,"href":"https:\/\/rnd-con.adozet.com\/index.php\/wp-json\/wp\/v2\/users\/1"}],"replies":[{"embeddable":true,"href":"https:\/\/rnd-con.adozet.com\/index.php\/wp-json\/wp\/v2\/comments?post=625"}],"version-history":[{"count":4,"href":"https:\/\/rnd-con.adozet.com\/index.php\/wp-json\/wp\/v2\/pages\/625\/revisions"}],"predecessor-version":[{"id":629,"href":"https:\/\/rnd-con.adozet.com\/index.php\/wp-json\/wp\/v2\/pages\/625\/revisions\/629"}],"wp:attachment":[{"href":"https:\/\/rnd-con.adozet.com\/index.php\/wp-json\/wp\/v2\/media?parent=625"}],"curies":[{"name":"wp","href":"https:\/\/api.w.org\/{rel}","templated":true}]}}