{"id":474,"date":"2026-02-26T07:27:13","date_gmt":"2026-02-26T07:27:13","guid":{"rendered":"https:\/\/rnd-con.adozet.com\/?page_id=474"},"modified":"2026-02-26T08:06:25","modified_gmt":"2026-02-26T08:06:25","slug":"szkolenia","status":"publish","type":"page","link":"https:\/\/rnd-con.adozet.com\/index.php\/szkolenia\/","title":{"rendered":"Szkolenia"},"content":{"rendered":"\t\t<div data-elementor-type=\"wp-page\" data-elementor-id=\"474\" class=\"elementor elementor-474\">\n\t\t\t\t<div class=\"elementor-element elementor-element-c37a18e e-con-full e-flex e-con e-parent\" data-id=\"c37a18e\" data-element_type=\"container\" data-e-type=\"container\">\n\t\t\t\t<div class=\"elementor-element elementor-element-6c48e03 elementor-widget elementor-widget-spacer\" data-id=\"6c48e03\" data-element_type=\"widget\" data-e-type=\"widget\" data-widget_type=\"spacer.default\">\n\t\t\t\t\t\t\t<div class=\"elementor-spacer\">\n\t\t\t<div class=\"elementor-spacer-inner\"><\/div>\n\t\t<\/div>\n\t\t\t\t\t\t<\/div>\n\t\t\t\t<\/div>\n\t\t<div class=\"elementor-element elementor-element-2fd00aa e-con-full e-flex e-con e-parent\" data-id=\"2fd00aa\" data-element_type=\"container\" data-e-type=\"container\">\n\t\t<div class=\"elementor-element elementor-element-b9ee1ef e-flex e-con-boxed e-con e-child\" data-id=\"b9ee1ef\" data-element_type=\"container\" data-e-type=\"container\">\n\t\t\t\t\t<div class=\"e-con-inner\">\n\t\t\t\t<div class=\"elementor-element elementor-element-1f5bb0e elementor-widget elementor-widget-eael-breadcrumbs\" data-id=\"1f5bb0e\" data-element_type=\"widget\" data-e-type=\"widget\" data-widget_type=\"eael-breadcrumbs.default\">\n\t\t\t\t<div class=\"elementor-widget-container\">\n\t\t\t\t\t\t\t<div class=\"eael-breadcrumbs\">\n\t\t\t<div class=\"eael-breadcrumbs__content\"><a href=\"https:\/\/rnd-con.adozet.com\">Home<\/a> <span class=\"eael-breadcrumb-separator\">\/<\/span> <span class = \"eael-current\">Strona<\/span><\/div>\t\t<\/div>\n\t\t\t\t\t\t<\/div>\n\t\t\t\t<\/div>\n\t\t\t\t<div class=\"elementor-element elementor-element-4658c1b title elementor-widget elementor-widget-heading\" data-id=\"4658c1b\" data-element_type=\"widget\" data-e-type=\"widget\" data-widget_type=\"heading.default\">\n\t\t\t\t\t<h2 class=\"elementor-heading-title elementor-size-default\">Szkolenia<\/h2>\t\t\t\t<\/div>\n\t\t\t\t<div class=\"elementor-element elementor-element-c7884cc elementor-widget elementor-widget-text-editor\" data-id=\"c7884cc\" data-element_type=\"widget\" data-e-type=\"widget\" data-widget_type=\"text-editor.default\">\n\t\t\t\t\t\t\t\t\t<p class=\"Standard\">\nSzkolenia prowadzone przez nasz zesp\u00f3\u0142 s\u0105 poza doradztwem podstawow\u0105 form\u0105 przekazywania wiedzy Pa\u0144stwa Organizacjom. Realizowane przez nasz szkolenia dziel\u0105 si\u0119 na szkolenia otwarte (og\u00f3lne) oraz zamkni\u0119te dedykowane dla klienta. Wszystkie og\u00f3lne szkolenia realizowane s\u0105 we Wroc\u0142awiu, Gliwicach oraz Rzeszowie. Natomiast szkolenia zamkni\u0119te w miejscu i czasie dogodnym dla Klienta. Szkolenia dedykowane s\u0105 to szkolenia zamkni\u0119te, przygotowane specjalnie dla danej Organizacji, s\u0105 one realizowane mi\u0119dzy innymi podczas wdro\u017ce\u0144 System\u00f3w Zarz\u0105dzania Jako\u015bci\u0105 oraz tworzenia Organizacji Projektuj\u0105cych i Produkuj\u0105cych wed\u0142ug przepis\u00f3w Part-21. Szkolenia zamkni\u0119te ciesz\u0105 si\u0119 r\u00f3wnie\u017c du\u017c\u0105 popularno\u015bci\u0105 w Organizacjach obs\u0142ugowych Part-145 czy liniach lotniczych. Grupa szkole\u0144 dedykowanych realizowana jest zar\u00f3wno w formie prezentacji jak i warsztat\u00f3w, cz\u0119sto z uwzgl\u0119dnieniem specyficznych wymog\u00f3w szkolonej Organizacji.\n<\/p>\n\n<p class=\"Standard\">\nPo dodatkowe informacje zwi\u0105zane ze szkoleniami otwartymi z tematyki System\u00f3w Zarz\u0105dzania Jako\u015bci\u0105 oraz System\u00f3w Zarz\u0105dzania Bezpiecze\u0144stwem Informacji zapraszamy na stron\u0119 \n<a href=\"https:\/\/adozet.com\/\"\n   style=\"color:#555555; text-decoration:underline; transition:color 0.3s ease;\"\n   onmouseover=\"this.style.color='#2eca6a';\"\n   onmouseout=\"this.style.color='#555555';\">\n   AdoZet.com skuteczne ISO\n<\/a>.\n<\/p>\t\t\t\t\t\t\t\t<\/div>\n\t\t\t\t\t<\/div>\n\t\t\t\t<\/div>\n\t\t\t\t<\/div>\n\t\t<div class=\"elementor-element elementor-element-e910413 e-flex e-con-boxed e-con e-parent\" data-id=\"e910413\" data-element_type=\"container\" data-e-type=\"container\">\n\t\t\t\t\t<div class=\"e-con-inner\">\n\t\t\t\t<div class=\"elementor-element elementor-element-c95c48d elementor-widget elementor-widget-spacer\" data-id=\"c95c48d\" data-element_type=\"widget\" data-e-type=\"widget\" data-widget_type=\"spacer.default\">\n\t\t\t\t\t\t\t<div class=\"elementor-spacer\">\n\t\t\t<div class=\"elementor-spacer-inner\"><\/div>\n\t\t<\/div>\n\t\t\t\t\t\t<\/div>\n\t\t\t\t\t<\/div>\n\t\t\t\t<\/div>\n\t\t<div class=\"elementor-element elementor-element-a6658db e-flex e-con-boxed e-con e-parent\" data-id=\"a6658db\" data-element_type=\"container\" data-e-type=\"container\">\n\t\t\t\t\t<div class=\"e-con-inner\">\n\t\t\t\t<div class=\"elementor-element elementor-element-584dcdd elementor-widget elementor-widget-spacer\" data-id=\"584dcdd\" data-element_type=\"widget\" data-e-type=\"widget\" data-widget_type=\"spacer.default\">\n\t\t\t\t\t\t\t<div class=\"elementor-spacer\">\n\t\t\t<div class=\"elementor-spacer-inner\"><\/div>\n\t\t<\/div>\n\t\t\t\t\t\t<\/div>\n\t\t\t\t\t<\/div>\n\t\t\t\t<\/div>\n\t\t\t\t<\/div>\n\t\t","protected":false},"excerpt":{"rendered":"<p>Home \/ Strona Szkolenia Szkolenia prowadzone przez nasz zesp\u00f3\u0142 s\u0105 poza doradztwem podstawow\u0105 form\u0105 przekazywania wiedzy Pa\u0144stwa Organizacjom. Realizowane przez nasz szkolenia dziel\u0105 si\u0119 na szkolenia otwarte (og\u00f3lne) oraz zamkni\u0119te dedykowane dla klienta. Wszystkie og\u00f3lne szkolenia realizowane s\u0105 we Wroc\u0142awiu, Gliwicach oraz Rzeszowie. Natomiast szkolenia zamkni\u0119te w miejscu i czasie dogodnym dla Klienta. Szkolenia dedykowane [&hellip;]<\/p>\n","protected":false},"author":1,"featured_media":0,"parent":0,"menu_order":0,"comment_status":"closed","ping_status":"closed","template":"elementor_header_footer","meta":{"footnotes":""},"class_list":["post-474","page","type-page","status-publish","hentry"],"_links":{"self":[{"href":"https:\/\/rnd-con.adozet.com\/index.php\/wp-json\/wp\/v2\/pages\/474","targetHints":{"allow":["GET"]}}],"collection":[{"href":"https:\/\/rnd-con.adozet.com\/index.php\/wp-json\/wp\/v2\/pages"}],"about":[{"href":"https:\/\/rnd-con.adozet.com\/index.php\/wp-json\/wp\/v2\/types\/page"}],"author":[{"embeddable":true,"href":"https:\/\/rnd-con.adozet.com\/index.php\/wp-json\/wp\/v2\/users\/1"}],"replies":[{"embeddable":true,"href":"https:\/\/rnd-con.adozet.com\/index.php\/wp-json\/wp\/v2\/comments?post=474"}],"version-history":[{"count":13,"href":"https:\/\/rnd-con.adozet.com\/index.php\/wp-json\/wp\/v2\/pages\/474\/revisions"}],"predecessor-version":[{"id":505,"href":"https:\/\/rnd-con.adozet.com\/index.php\/wp-json\/wp\/v2\/pages\/474\/revisions\/505"}],"wp:attachment":[{"href":"https:\/\/rnd-con.adozet.com\/index.php\/wp-json\/wp\/v2\/media?parent=474"}],"curies":[{"name":"wp","href":"https:\/\/api.w.org\/{rel}","templated":true}]}}